 prime?
False
Is 568579607 a composite number?
False
Is 1365231977 a composite number?
False
Is 7809329531 prime?
True
Is 13207538453 composite?
False
Is 80292067 composite?
True
Is 1656516167 a prime number?
True
Is 389697137521 prime?
False
Is 38027449871 prime?
False
Is 380798581 a prime number?
True
Is 8833823 prime?
True
Is 835333637 composite?
False
Is 2273900581 prime?
True
Is 5548433 composite?
True
Is 63860441 a prime number?
True
Is 10173922439 a prime number?
False
Is 100352627 a composite number?
False
Is 29626167959 prime?
True
Is 39696276478 a prime number?
False
Is 11782113065 a composite number?
True
Is 6742373441 prime?
True
Is 74570518949 a prime number?
True
Is 8565683671 composite?
False
Is 4086128999 a prime number?
False
Is 6232038811 a composite number?
False
Is 6008368631 a prime number?
True
Is 478672751 prime?
True
Is 1158763657 a composite number?
False
Is 1002327799 a composite number?
True
Is 7744553 composite?
True
Is 205092601 composite?
True
Is 2195077193 a composite number?
True
Is 45040468519 composite?
True
Is 208208711 prime?
True
Is 13654538039 prime?
False
Is 624779887 composite?
False
Is 74099213 a prime number?
False
Is 5543397389 composite?
True
Is 22262296939 a composite number?
False
Is 10911353361 composite?
True
Is 5475134417 a composite number?
False
Is 82270469297 a prime number?
False
Is 750679499 a composite number?
False
Is 1987689989 a prime number?
True
Is 1519472911 a composite number?
True
Is 447147397 composite?
False
Is 761985599 composite?
False
Is 1910072681 a prime number?
False
Is 6990416383 a prime number?
True
Is 6841746679 a composite number?
True
Is 485504209 a composite number?
True
Is 12177015133 prime?
False
Is 18156537209 a prime number?
False
Is 3017391073 a prime number?
False
Is 557954459 composite?
True
Is 189822539983 a prime number?
False
Is 71609157493 a prime number?
False
Is 1043067293 a composite number?
False
Is 2667088453 composite?
False
Is 4275075313 a composite number?
False
Is 142714997 composite?
True
Is 4390031069 a prime number?
True
Is 54455997499 composite?
False
Is 56432801567 prime?
True
Is 596665499 a prime number?
True
Is 496000501 composite?
False
Is 40619675891 a composite number?
True
Is 22745231213 prime?
True
Is 6926252783 composite?
False
Is 21490438511 a prime number?
True
Is 3181368017 a composite number?
False
Is 2182144151 composite?
True
Is 453521947 a prime number?
False
Is 2431935859 prime?
True
Is 4324803443 a composite number?
False
Is 84914817839 composite?
False
Is 37922677031 prime?
True
Is 2204606479 a composite number?
False
Is 422831993 composite?
False
Is 149947841 a prime number?
True
Is 2694006701 a prime number?
True
Is 1475748983 prime?
False
Is 7627752967 a prime number?
False
Is 34373842279 a prime number?
False
Is 6702066037 prime?
False
Is 2415378739 prime?
False
Is 3708117887 a prime number?
True
Is 166759127 composite?
False
Is 52798951537 a prime number?
True
Is 9318910399 a composite number?
True
Is 14207870731 a composite number?
False
Is 2724326947 a prime number?
False
Is 10846254451 a prime number?
True
Is 409642441 composite?
True
Is 69602554673 a prime number?
False
Is 2295296413 a composite number?
False
Is 994382723 prime?
True
Is 972306469 composite?
False
Is 57249053338 a composite number?
True
Is 110745411143 a composite number?
False
Is 165526877 prime?
True
Is 715318337915 a composite number?
True
Is 10144842647 a prime number?
True
Is 6727003013 prime?
False
Is 10628094479 a prime number?
False
Is 1436715731 a prime number?
False
Is 11957713 a prime number?
True
Is 49427346278 prime?
False
Is 4564907629 a prime number?
True
Is 294962201 a prime number?
False
Is 7609733399 prime?
True
Is 378616393 a prime number?
False
Is 108208182169 prime?
True
Is 133605336505 prime?
False
Is 237053983 prime?
True
Is 8366076413 prime?
True
Is 175552171 a composite number?
False
Is 1299516521 composite?
False
Is 2156586967 a prime number?
True
Is 153212530749 composite?
True
Is 2532378683 prime?
False
Is 396716557 a composite number?
False
Is 4777255727 a prime number?
True
Is 37880290807 composite?
True
Is 433270169 a prime number?
True
Is 398061679 composite?
False
Is 12803652659 a composite number?
True
Is 2457509617 prime?
False
Is 273756463 a prime number?
True
Is 1050677041 a composite number?
True
Is 22210005201 a prime number?
False
Is 191613877447 a prime number?
True
Is 11090882147 a prime number?
True
Is 199345667 composite?
True
Is 26358744466 prime?
False
Is 927879443 a prime number?
False
Is 19500692441 composite?
False
Is 9456137581 a composite number?
True
Is 5410817483 a prime number?
True
Is 3422559479 a composite number?
False
Is 82652421041 a prime number?
True
Is 3138329771 a prime number?
False
Is 22497119 composite?
True
Is 138884987 a composite number?
False
Is 32311635409 composite?
True
Is 924120791 a composite number?
True
Is 15562384771 a prime number?
False
Is 2651292313 composite?
True
Is 720305021 composite?
True
Is 445892273 composite?
False
Is 10095611 composite?
True
Is 11041108889 composite?
False
Is 4600691497 prime?
True
Is 300623527 a prime number?
True
Is 10515200821 prime?
True
Is 7222088519 a composite number?
True
Is 10729701937 a composite number?
False
Is 927710477 a composite number?
True
Is 16614044207 prime?
True
Is 15488411951 composite?
False
Is 1811009001 a prime number?
False
Is 102935139089 composite?
False
Is 1784930789 a composite number?
False
Is 19443793927 prime?
True
Is 2436566527 composite?
True
Is 184937827 a prime number?
False
Is 42616611031 a composite number?
False
Is 1386580807 a composite number?
False
Is 4154485249 composite?
True
Is 11453113019 composite?
True
Is 50432471 composite?
True
Is 1774546673 prime?
False
Is 71013126383 a composite number?
False
Is 2598081269 composite?
True
Is 2194824407 a composite number?
False
Is 50192639015 a composite number?
True
Is 150401704573 a prime number?
True
Is 42879673 a composite number?
False
Is 409303211 a composite number?
False
Is 2903315 a prime number?
False
Is 6090181147 composite?
True
Is 568645633 composite?
True
Is 55674609971 composite?
False
Is 1585599871 composite?
True
Is 74243443 composite?
False
Is 7382000323 prime?
False
Is 37472562577 a prime number?
False
Is 3930061591 prime?
False
Is 3805318703 a prime number?
True
Is 12082910623 a composite number?
True
Is 36536900041 prime?
False
Is 190870931 a composite number?
True
Is 2133297269 a composite number?
True
Is 15145677017 prime?
True
Is 2193417223 prime?
True
Is 80856762557 prime?
False
Is 3385551883 prime?
False
Is 1421824979 prime?
True
Is 1770469993 prime?
False
Is 2480779129 a prime number?
False
Is 5313731617 a composite number?
False
Is 6712907359 composite?
False
Is 945938755 a composite number?
True
Is 1219952803 prime?
True
Is 3680065009 prime?
False
Is 62975249 prime?
True
Is 1912172813 a prime number?
True
Is 48586057973 a composite number?
False
Is 100017737 a prime number?
False
Is 45773256437 composite?
True
Is 10838202239 a composite number?
True
Is 1788832751 a composite number?
True
Is 33471378607 a composite number?
False
Is 35000984989 prime?
False
Is 1543718219 a composite number?
False
Is 1169804829 composite?
True
Is 691695493 a prime number?
True
Is 945552301 composite?
False
Is 223342547 a composite number?
False
Is 328682513 composite?
True
Is 938449879 a prime number?
True
Is 2407560743 a composite number?
True
Is 691861669 composite?
True
Is 3948062863 a prime number?
False
Is 47739543413 a prime number?
False
Is 5729436931 a composite number?
False
Is 551557927 prime?
False
Is 5519669899 a composite number?
False
Is 836955767 a prime number?
True
Is 871693747 a prime number?
True
Is 8810947 a prime number?
False
Is 366968879 prime?
False
Is 29185631221 prime?
False
Is 1201095757 composite?
False
Is 753736283 a prime number?
False
Is 1363555483 composite?
True
Is 1657030181 prime?
True
Is 70324273 a prime number?
False
Is 22591726823 composite?
False
Is 34998727591 a prime number?
True
Is 1637958887 a prime number?
True
Is 2129915731 a composite number?
False
Is 68424002333 prime?
True
Is 1776978109 prime?
True
Is 1921242991 a composite number?
True
Is 1551456895 a prime number?
False
Is 7189076779 a prime numbe